- 28 = h - 3*l. Let y be h/10 - (-749 - -1). Suppose 0 = 2*u + 8*u - y. List the prime factors of u.
3, 5
Suppose 0 = -t - 4*l - 11, 4*t = -5*l - 1 - 10. Let a be (-3 - t) + 22/2. Suppose 12*u = a*u + 270. List the prime factors of u.
2, 3
Suppose -5 - 43 = -3*v. Let q be v/(-4) + (-92)/(-4). Suppose -q*z + 18*z = -124. List the prime factors of z.
2, 31
Let j(a) = -a**3 - a**2 + 2*a + 4. Let u be j(0). Let o be 1/(-1*(u - 3)) + 206. Let p = o + -118. List the prime factors of p.
3, 29
Let o = -355 - -220. Let a = o - -913. What are the prime factors of a?
2, 389
What are the prime factors of ((-16)/12)/(6/(-33246))?
2, 1847
Let k(g) = g**3 + 2*g**2 + 8*g + 10. Let m be k(-5). Let a = 169 + m. What are the prime factors of a?
2
Suppose 10*v = 6*v - 4. Let l be v - 2 - (-3)/(-6)*4. List the prime factors of 26/l*(-29 - (-6)/(-6)).
2, 3, 13
Let a = 3799 + -3632. Let t(j) = j**3 + 4*j**2 + j + 3. Let h be t(-3). Let s = a + h. What are the prime factors of s?
2, 11
Let q(i) = 4 - i**2 + 5 - 6*i + 13. Let t be q(-9). List the prime factors of ((-3)/(-6))/(((-5)/234)/t).
3, 13
Let q = -6162 + 9276. List the prime factors of q.
2, 3, 173
Let z = -465 + 482. Suppose -1410 = -4*j + m, 0 = 2*j - 14*m + z*m - 712. List the prime factors of j.
353
Suppose 225*o = 230*o - 35. Suppose -720 - 764 = -o*n. What are the prime factors of n?
2, 53
Let a(j) = j**3 + 8*j**2 - j + 2. Let z be -6*2*(-12)/(-18). Let c be a(z). Suppose -c*d - 380 = -14*d. List the prime factors of d.
5, 19
Suppose -4*h + 5*s + 8388 = 0, -4*h + 4*s + 0*s + 8384 = 0. Suppose h + 2627 = 13*v. List the prime factors of v.
3, 11
Suppose -3*u + 109 = -2*v + 6*v, u - 33 = -3*v. What are the prime factors of 48/((u/9 - 4) + 0)?
2, 3
Let x = -27242 + 78706. List the prime factors of x.
2, 7, 919
Let i = -135 + 221. Suppose z - 252 = -i. Suppose g - z = -23. List the prime factors of g.
11, 13
What are the prime factors of 11026/2 + (12 - 20) + 6?
3, 11, 167
What are the prime factors of 1858989/99 - 48/18?
5, 751
Suppose 0 = -431*r - 39*r + 772018 - 156788. What are the prime factors of r?
7, 11, 17
Suppose -5*p = -10 - 10. Suppose 0 = p*a + g - 28, -4*g - 7 = -2*a + a. Suppose -a*b + 1036 = 133. What are the prime factors of b?
3, 43
Suppose 916 + 688 = 4*c. Suppose -2998 = -7*p - c. What are the prime factors of p?
7, 53
Let b(c) be the first derivative of -17*c**3/3 + 8*c**2 + 19*c - 33. Let k(y) be the first derivative of b(y). List the prime factors of k(-5).
2, 3, 31
What are the prime factors of (-3 - -2) + (5 - 2) + 1 + 336?
3, 113
Let w = 47 - 563. Let u = 930 + w. What are the prime factors of u?
2, 3, 23
Suppose -4*b = 5*g - g - 9628, -2*b + 2401 = g. What are the prime factors of g?
19, 127
Suppose 41*o + 21*o - 988900 = 0. List the prime factors of o.
2, 5, 11, 29
Let f(o) = -2*o**3 - 12*o**2 + 22*o + 322. What are the prime factors of f(-22)?
2, 79, 97
Let r(p) = 9*p + 31. Let k be r(-3). Suppose 5*l - k = 9*l, 5*l - 3170 = -5*h. List the prime factors of h.
5, 127
Let j be ((-30)/(-8) - 0) + 9/(-12). Suppose 5*z = j*z + 2338. What are the prime factors of z?
7, 167
Let y = 2081 - -1983. What are the prime factors of y?
2, 127
Let y(i) = 9*i**2 + 6*i - 216. What are the prime factors of y(30)?
2, 3, 7
Let t = 11 + -65. Let u be -4*(36/(-16) + 2)*-23. Let o = u - t. List the prime factors of o.
31
Let d(c) = 25*c**3 - 6*c + c**2 - 4 + 3 + 2*c. What are the prime factors of d(2)?
3, 5, 13
List the prime factors of -13 + 5313588/231 + (-12)/22.
3, 79, 97
Let l be -4*4/(-64) - 21402/(-24). Suppose 0 = -3*s + 3*k + k + l, 5*s = -2*k + 1504. What are the prime factors of s?
2, 3, 5
Suppose -15 = 3*i, 0 = r - 8*i + 4*i - 192. Let v = 189 - r. List the prime factors of v.
17
Let o(s) = 2*s**3 - 2*s**2 - 3. Let y = 20 - 18. Let m be o(y). Suppose z - m*n + 128 = 4*z, -56 = -z + n. List the prime factors of z.
3, 17
Suppose 2*m + 4*b = 1212, 2*m - 1310 + 134 = 5*b. Let c = m + -293. List the prime factors of c.
5, 61
Suppose h = -h + 3*j - 11, 2*j = -5*h + 20. Suppose 0 = -h*p + 749 - 199. List the prime factors of p.
5, 11
Let c be ((-4)/(-6))/((-3)/(-72)). What are the prime factors of (-3 - (-88)/c)*434?
5, 7, 31
Let k(t) = -t**3 + 11*t**2 - 7*t + 13. Let x be k(11). Let i be x/(-40)*(-5)/(-2). Suppose 3*n = 3*c - 67 - 41, -i*n = -16. What are the prime factors of c?
2, 5
Suppose -4*w - 8 = -24. Suppose 0 = 2*r + 5*q - 4*q - 59, w*q = 2*r - 74. What are the prime factors of r - (8 - 20/5)?
3
Let d = -97831 + 149709. What are the prime factors of d?
2, 25939
Let r be 957/(-7) - (-21)/(1911/(-26)). Let v = 580 - r. What are the prime factors of v?
3, 239
Suppose 3*x = 7*x - m - 12, 9 = 3*x + 5*m. Suppose -x*g + 253 = -26. Suppose 0 = 2*d - 227 - g. What are the prime factors of d?
2, 5
Let x be ((-6)/9)/((-1)/(4476/8)). Let u = x + 515. Suppose 10*y = 18*y - u. What are the prime factors of y?
3, 37
Let r(z) = 33*z + 20. Suppose 2 + 6 = 2*t. Suppose 0 = 2*f - t*s - 30, 0 = -f - 2*f + s + 20. What are the prime factors of r(f)?
5, 37
Let w be ((-15604)/12)/((-2)/(-6)). Let m = -2727 - w. What are the prime factors of m?
2, 587
What are the prime factors of (-256)/(-1664) + 509120/78 - 4/(-6)?
2, 3, 17
Let x(q) = 599*q**2 + 193*q + 69. What are the prime factors of x(6)?
3, 71, 107
Let p be (-6032)/56 - 4/14. Let x = -98 - p. List the prime factors of x.
2, 5
Let v(o) = 552*o + 348. List the prime factors of v(13).
2, 3, 11, 19
Let k(m) = -m**2 - 4*m + 9. Let y(c) = -c**2 - 8*c - 12. Let s be y(-4). Let x be k(s). Let n = 104 + x. List the prime factors of n.
3
Suppose 2*m - 31 = -21. Suppose 4*i + 9 = -3*x + 2*x, 3*x + 2*i = 3. Suppose x*j = 2*v - v + 471, 4*j - m*v = 628. What are the prime factors of j?
157
Let c(x) = 7*x**2 + 18*x + 57. Let v(w) = 11*w**2 + 27*w + 85. Let m(a) = 8*c(a) - 5*v(a). List the prime factors of m(-9).
31
Suppose 180*g - 410188 = 3984701 + 256671. What are the prime factors of g?
2, 3, 59, 73
Suppose -1825827 = -76*r - 125*r + 11646198. List the prime factors of r.
5, 7, 383
Let x = 3113 + 13983. List the prime factors of x.
2, 2137
Let b(h) = -669*h - 50. Let s be b(1). Let x = s - -1545. What are the prime factors of x?
2, 7, 59
Let v(p) = -p**2 + 7*p + 1. Let y be v(6). Let l(x) = -x**3 - 19*x - 11. Let d(f) = 2*f**2 + 4*f. Let u(i) = 4*d(i) + l(i). What are the prime factors of u(y)?
17
Suppose -x - i + 5 = 0, 8 = 4*x + i - 12. Let l = 1 + x. Suppose -4*d = -l*d + 156. List the prime factors of d.
2, 3, 13
Let r = 2 + -1. Let d(x) be the second derivative of 17*x**3/2 - 3*x**2/2 + 6*x. What are the prime factors of d(r)?
2, 3
Let x = -251 + 258. Suppose -1612 - 194 = -x*a. What are the prime factors of a?
2, 3, 43
Suppose 4*h - 171 = 213. Suppose h*c = 99*c - 636. What are the prime factors of c?
2, 53
Let b(k) = -k + 20. Let n be (-395)/(-10) + 1/(-2). Let y = n - 33. What are the prime factors of b(y)?
2, 7
Let h = -12906 - -20235. List the prime factors of h.
3, 7, 349
Let d(x) = -x**3 + 6*x**2 + 8. Let m be d(6). Let p be (11088/336)/(1 + 5/(-8)). Suppose 7*t + p = m*t. What are the prime factors of t?
2, 11
Suppose 0 = -j + 3*j - 5*y + 9, -3*y = -9. Suppose 11*n - 5808 = j*n. What are the prime factors of n?
2, 3, 11
Suppose -g + 4*g - 454 = -a, 0 = 3*a + 2*g - 1327. Suppose -1896 = -5*n + a. What are the prime factors of n?
467
Let b(o) = -o**3 - 5*o**2 + 9*o - 65. Let v(p) = -2*p**3 - 11*p**2 + 19*p - 129. Let y(c) = -9*b(c) + 4*v(c). What are the prime factors of y(8)?
5, 11
Let i(q) = 217*q - 4. Let k be i(1). Suppose 0 = -o - 5*v + 91, 4*o + v = 94 + k. Let u = o + 37. List the prime factors of u.
113
Suppose -2*z + 16 = -10*t + 6*t, 5*z - 12 = -4*t. Let y(p) = -p - 2. Let c be y(-4). What are the prime factors of (12560/(-28))/t - c/7?
2, 7
Let q = -23193 + 33590. What are the prime factors of q?
37, 281
Suppose -3*c + 333 = -18. Let m be (1/1)/(-1*(-3)/c). Let f = m - -114. What are the prime factors of f?
3, 17
Suppose w - 548 = -k + 282, -3*w = 2*k - 1654. What are the prime factors of k?
2, 11, 19
Let z(a) = -a**2 + 15*a + 21. Let h be z(16). Suppose -h*j - 4*u + 1158 = 0, 12 = -3*u - u. Suppose -296 = -5*m + j. What are the prime factors of m?
2, 53
Let x = 32860 - 19649. List the prime factors of x.
11, 1201
What are the prime factors 